Dec 01 06:50:18.777 INFO testing ordovicia/scholar against master#8940af3cea4a9a9deabcaf843b2f8cad9a83fc61 for beta-1.31-5
Dec 01 06:50:18.777 INFO running `"docker" "create" "-v" "/mnt/big/crater/work/local/target-dirs/beta-1.31-5/worker-3/master#8940af3cea4a9a9deabcaf843b2f8cad9a83fc61:/target:rw,Z" "-v" "/mnt/big/crater/work/local/test-source/worker-3/beta-1.31-5/master#8940af3cea4a9a9deabcaf843b2f8cad9a83fc61:/source:ro,Z" "-v" "/mnt/big/crater/work/local/cargo-home:/cargo-home:ro,Z" "-v" "/mnt/big/crater/work/local/rustup-home:/rustup-home:ro,Z" "-e" "USER_ID=1000" "-e" "SOURCE_DIR=/source" "-e" "USER_ID=1000" "-e" "CMD=cargo +8940af3cea4a9a9deabcaf843b2f8cad9a83fc61-alt build --frozen" "-e" "CARGO_TARGET_DIR=/target" "-e" "CARGO_INCREMENTAL=0" "-e" "RUST_BACKTRACE=full" "-e" "RUSTFLAGS=--cap-lints=warn" "-e" "CARGO_HOME=/cargo-home" "-e" "RUSTUP_HOME=/rustup-home" "-m" "1536M" "--network" "none" "crater"`
Dec 01 06:50:19.157 INFO [stdout] a9010541a68c59144739e89ac59b83d0517684ac8acced13a938529a18f21183
Dec 01 06:50:19.165 INFO running `"docker" "start" "-a" "a9010541a68c59144739e89ac59b83d0517684ac8acced13a938529a18f21183"`
Dec 01 06:50:20.750 INFO [stderr] usermod: no changes
Dec 01 06:50:20.811 INFO [stderr] warning: An explicit [[bin]] section is specified in Cargo.toml which currently
Dec 01 06:50:20.811 INFO [stderr] disables Cargo from automatically inferring other binary targets.
Dec 01 06:50:20.811 INFO [stderr] This inference behavior will change in the Rust 2018 edition and the following
Dec 01 06:50:20.811 INFO [stderr] files will be included as a binary target:
Dec 01 06:50:20.811 INFO [stderr] 
Dec 01 06:50:20.811 INFO [stderr] * /source/src/bin/errors.rs
Dec 01 06:50:20.811 INFO [stderr] * /source/src/bin/config.rs
Dec 01 06:50:20.811 INFO [stderr] * /source/src/bin/scrape.rs
Dec 01 06:50:20.811 INFO [stderr] 
Dec 01 06:50:20.811 INFO [stderr] This is likely to break cargo build or cargo test as these files may not be
Dec 01 06:50:20.811 INFO [stderr] ready to be compiled as a binary target today. You can future-proof yourself
Dec 01 06:50:20.811 INFO [stderr] and disable this warning by adding `autobins = false` to your [package]
Dec 01 06:50:20.811 INFO [stderr] section. You may also move the files to a location where Cargo would not
Dec 01 06:50:20.811 INFO [stderr] automatically infer them to be a target, such as in subfolders.
Dec 01 06:50:20.811 INFO [stderr] 
Dec 01 06:50:20.811 INFO [stderr] For more information on this warning you can consult
Dec 01 06:50:20.811 INFO [stderr] https://github.com/rust-lang/cargo/issues/5330
Dec 01 06:50:21.167 INFO [stderr]    Compiling utf-8 v0.7.2
Dec 01 06:50:21.168 INFO [stderr]    Compiling rustc-demangle v0.1.6
Dec 01 06:50:21.175 INFO [stderr]    Compiling clap v2.30.0
Dec 01 06:50:21.175 INFO [stderr]    Compiling serde_derive_internals v0.19.0
Dec 01 06:50:21.183 INFO [stderr]    Compiling string_cache_codegen v0.4.0
Dec 01 06:50:22.828 INFO [stderr]    Compiling backtrace v0.3.5
Dec 01 06:50:23.044 INFO [stderr]    Compiling tendril v0.3.1
Dec 01 06:50:26.479 INFO [stderr]    Compiling string_cache v0.6.2
Dec 01 06:50:26.479 INFO [stderr]    Compiling markup5ever v0.3.2
Dec 01 06:50:26.584 INFO [stderr]    Compiling error-chain v0.11.0
Dec 01 06:50:33.507 INFO [stderr]    Compiling serde_derive v1.0.27
Dec 01 06:50:53.859 INFO [stderr]    Compiling html5ever v0.18.0
Dec 01 06:50:59.543 INFO [stderr]    Compiling select v0.4.2
Dec 01 06:51:03.927 INFO [stderr]    Compiling scholar v0.1.0 (/source)
Dec 01 06:51:18.374 INFO [stderr]     Finished dev [unoptimized + debuginfo] target(s) in 57.59s
Dec 01 06:51:18.391 INFO [stderr] su: No module specific data is present
Dec 01 06:51:19.807 INFO running `"docker" "inspect" "a9010541a68c59144739e89ac59b83d0517684ac8acced13a938529a18f21183"`
Dec 01 06:51:20.155 INFO running `"docker" "rm" "-f" "a9010541a68c59144739e89ac59b83d0517684ac8acced13a938529a18f21183"`
Dec 01 06:51:20.537 INFO [stdout] a9010541a68c59144739e89ac59b83d0517684ac8acced13a938529a18f21183
Dec 01 06:51:20.545 INFO running `"docker" "create" "-v" "/mnt/big/crater/work/local/target-dirs/beta-1.31-5/worker-3/master#8940af3cea4a9a9deabcaf843b2f8cad9a83fc61:/target:rw,Z" "-v" "/mnt/big/crater/work/local/test-source/worker-3/beta-1.31-5/master#8940af3cea4a9a9deabcaf843b2f8cad9a83fc61:/source:ro,Z" "-v" "/mnt/big/crater/work/local/cargo-home:/cargo-home:ro,Z" "-v" "/mnt/big/crater/work/local/rustup-home:/rustup-home:ro,Z" "-e" "USER_ID=1000" "-e" "SOURCE_DIR=/source" "-e" "USER_ID=1000" "-e" "CMD=cargo +8940af3cea4a9a9deabcaf843b2f8cad9a83fc61-alt test --frozen --no-run" "-e" "CARGO_TARGET_DIR=/target" "-e" "CARGO_INCREMENTAL=0" "-e" "RUST_BACKTRACE=full" "-e" "RUSTFLAGS=--cap-lints=warn" "-e" "CARGO_HOME=/cargo-home" "-e" "RUSTUP_HOME=/rustup-home" "-m" "1536M" "--network" "none" "crater"`
Dec 01 06:51:21.033 INFO [stdout] 0a598aaf733b03be6aba81a87e4acf14b3b15d6ec45c89f94f873c8b74c22412
Dec 01 06:51:21.036 INFO running `"docker" "start" "-a" "0a598aaf733b03be6aba81a87e4acf14b3b15d6ec45c89f94f873c8b74c22412"`
Dec 01 06:51:23.454 INFO [stderr] usermod: no changes
Dec 01 06:51:23.512 INFO [stderr] warning: An explicit [[bin]] section is specified in Cargo.toml which currently
Dec 01 06:51:23.512 INFO [stderr] disables Cargo from automatically inferring other binary targets.
Dec 01 06:51:23.512 INFO [stderr] This inference behavior will change in the Rust 2018 edition and the following
Dec 01 06:51:23.512 INFO [stderr] files will be included as a binary target:
Dec 01 06:51:23.512 INFO [stderr] 
Dec 01 06:51:23.512 INFO [stderr] * /source/src/bin/errors.rs
Dec 01 06:51:23.512 INFO [stderr] * /source/src/bin/config.rs
Dec 01 06:51:23.512 INFO [stderr] * /source/src/bin/scrape.rs
Dec 01 06:51:23.512 INFO [stderr] 
Dec 01 06:51:23.512 INFO [stderr] This is likely to break cargo build or cargo test as these files may not be
Dec 01 06:51:23.512 INFO [stderr] ready to be compiled as a binary target today. You can future-proof yourself
Dec 01 06:51:23.512 INFO [stderr] and disable this warning by adding `autobins = false` to your [package]
Dec 01 06:51:23.512 INFO [stderr] section. You may also move the files to a location where Cargo would not
Dec 01 06:51:23.512 INFO [stderr] automatically infer them to be a target, such as in subfolders.
Dec 01 06:51:23.512 INFO [stderr] 
Dec 01 06:51:23.512 INFO [stderr] For more information on this warning you can consult
Dec 01 06:51:23.512 INFO [stderr] https://github.com/rust-lang/cargo/issues/5330
Dec 01 06:51:23.808 INFO [stderr]    Compiling scholar v0.1.0 (/source)
Dec 01 06:51:36.002 INFO [stderr]     Finished dev [unoptimized + debuginfo] target(s) in 12.52s
Dec 01 06:51:36.022 INFO [stderr] su: No module specific data is present
Dec 01 06:51:37.267 INFO running `"docker" "inspect" "0a598aaf733b03be6aba81a87e4acf14b3b15d6ec45c89f94f873c8b74c22412"`
Dec 01 06:51:37.646 INFO running `"docker" "rm" "-f" "0a598aaf733b03be6aba81a87e4acf14b3b15d6ec45c89f94f873c8b74c22412"`
Dec 01 06:51:37.959 INFO [stdout] 0a598aaf733b03be6aba81a87e4acf14b3b15d6ec45c89f94f873c8b74c22412
Dec 01 06:51:37.963 INFO running `"docker" "create" "-v" "/mnt/big/crater/work/local/target-dirs/beta-1.31-5/worker-3/master#8940af3cea4a9a9deabcaf843b2f8cad9a83fc61:/target:rw,Z" "-v" "/mnt/big/crater/work/local/test-source/worker-3/beta-1.31-5/master#8940af3cea4a9a9deabcaf843b2f8cad9a83fc61:/source:ro,Z" "-v" "/mnt/big/crater/work/local/cargo-home:/cargo-home:ro,Z" "-v" "/mnt/big/crater/work/local/rustup-home:/rustup-home:ro,Z" "-e" "USER_ID=1000" "-e" "SOURCE_DIR=/source" "-e" "USER_ID=1000" "-e" "CMD=cargo +8940af3cea4a9a9deabcaf843b2f8cad9a83fc61-alt test --frozen" "-e" "CARGO_TARGET_DIR=/target" "-e" "CARGO_INCREMENTAL=0" "-e" "RUST_BACKTRACE=full" "-e" "RUSTFLAGS=--cap-lints=warn" "-e" "CARGO_HOME=/cargo-home" "-e" "RUSTUP_HOME=/rustup-home" "-m" "1536M" "--network" "none" "crater"`
Dec 01 06:51:38.603 INFO [stdout] 10d638efc46f200093d43a126bf6c61d8ffe233167c202fd56235a8dc73917af
Dec 01 06:51:38.605 INFO running `"docker" "start" "-a" "10d638efc46f200093d43a126bf6c61d8ffe233167c202fd56235a8dc73917af"`
Dec 01 06:51:40.398 INFO [stderr] usermod: no changes
Dec 01 06:51:40.455 INFO [stderr] warning: An explicit [[bin]] section is specified in Cargo.toml which currently
Dec 01 06:51:40.455 INFO [stderr] disables Cargo from automatically inferring other binary targets.
Dec 01 06:51:40.455 INFO [stderr] This inference behavior will change in the Rust 2018 edition and the following
Dec 01 06:51:40.455 INFO [stderr] files will be included as a binary target:
Dec 01 06:51:40.455 INFO [stderr] 
Dec 01 06:51:40.455 INFO [stderr] * /source/src/bin/errors.rs
Dec 01 06:51:40.455 INFO [stderr] * /source/src/bin/config.rs
Dec 01 06:51:40.455 INFO [stderr] * /source/src/bin/scrape.rs
Dec 01 06:51:40.455 INFO [stderr] 
Dec 01 06:51:40.455 INFO [stderr] This is likely to break cargo build or cargo test as these files may not be
Dec 01 06:51:40.455 INFO [stderr] ready to be compiled as a binary target today. You can future-proof yourself
Dec 01 06:51:40.455 INFO [stderr] and disable this warning by adding `autobins = false` to your [package]
Dec 01 06:51:40.455 INFO [stderr] section. You may also move the files to a location where Cargo would not
Dec 01 06:51:40.455 INFO [stderr] automatically infer them to be a target, such as in subfolders.
Dec 01 06:51:40.455 INFO [stderr] 
Dec 01 06:51:40.455 INFO [stderr] For more information on this warning you can consult
Dec 01 06:51:40.455 INFO [stderr] https://github.com/rust-lang/cargo/issues/5330
Dec 01 06:51:40.735 INFO [stderr]     Finished dev [unoptimized + debuginfo] target(s) in 0.29s
Dec 01 06:51:40.750 INFO [stderr]      Running /target/debug/deps/scholar-d7665ee899b3c266
Dec 01 06:51:40.759 INFO [stdout] 
Dec 01 06:51:40.759 INFO [stdout] running 15 tests
Dec 01 06:51:40.761 INFO [stdout] test request::tests::search_query_is_valid_fail ... ok
Dec 01 06:51:40.761 INFO [stdout] test request::tests::search_query_to_url ... ok
Dec 01 06:51:40.767 INFO [stdout] test request::tests::cluster_query_to_url ... ok
Dec 01 06:51:40.767 INFO [stdout] test request::tests::search_query_is_valid_pass ... ok
Dec 01 06:51:40.771 INFO [stdout] test request::tests::citation_query_to_url ... ok
Dec 01 06:51:40.807 INFO [stdout] test scrape::tests::parse_cluster_id_pass ... ok
Dec 01 06:51:40.807 INFO [stdout] test scrape::tests::parse_citation_count_pass ... ok
Dec 01 06:51:40.892 INFO [stdout] test scrape::tests::parse_year_pass ... ok
Dec 01 06:51:41.141 INFO [stdout] test scrape::tests::cluster_document_scrape_test ... ok
Dec 01 06:51:41.141 INFO [stdout] test scrape::tests::parse_cluster_id_fail ... ok
Dec 01 06:51:41.141 INFO [stdout] test scrape::tests::parse_citation_count_fail ... ok
Dec 01 06:51:41.144 INFO [stdout] test scrape::tests::parse_year_fail ... ok
Dec 01 06:51:41.196 INFO [stdout] test scrape::tests::is_blocked_test ... ok
Dec 01 06:51:41.331 INFO [stdout] test scrape::tests::citation_document_scrape_test ... ok
Dec 01 06:51:41.334 INFO [stdout] test scrape::tests::search_document_scrape_test ... ok
Dec 01 06:51:41.334 INFO [stdout] 
Dec 01 06:51:41.334 INFO [stdout] test result: ok. 15 passed; 0 failed; 0 ignored; 0 measured; 0 filtered out
Dec 01 06:51:41.334 INFO [stdout] 
Dec 01 06:51:41.339 INFO [stderr]      Running /target/debug/deps/scholar-1a095b025a70de45
Dec 01 06:51:41.339 INFO [stdout] 
Dec 01 06:51:41.339 INFO [stdout] running 2 tests
Dec 01 06:51:41.347 INFO [stdout] test tests::app_arg_conflict_test ... ok
Dec 01 06:51:41.347 INFO [stdout] test tests::query_exists_test ... ok
Dec 01 06:51:41.347 INFO [stdout] 
Dec 01 06:51:41.347 INFO [stdout] test result: ok. 2 passed; 0 failed; 0 ignored; 0 measured; 0 filtered out
Dec 01 06:51:41.347 INFO [stdout] 
Dec 01 06:51:41.347 INFO [stderr]    Doc-tests scholar
Dec 01 06:51:44.863 INFO [stdout] 
Dec 01 06:51:44.864 INFO [stdout] running 10 tests
Dec 01 06:52:03.641 INFO [stdout] test src/paper.rs - paper::Paper::new (line 55) ... ok
Dec 01 06:52:04.403 INFO [stdout] test src/request.rs - request::SearchQuery::append_words (line 182) ... FAILED
Dec 01 06:52:04.895 INFO [stdout] test src/request.rs - request::SearchQuery::set_phrase (line 215) ... ok
Dec 01 06:52:05.299 INFO [stdout] test src/request.rs - request::CitationQuery::set_count (line 380) ... ok
Dec 01 06:52:05.311 INFO [stdout] test src/request.rs - request::SearchQuery::append_authors (line 274) ... ok
Dec 01 06:52:06.251 INFO [stdout] test src/request.rs - request::SearchQuery::append_phrase (line 233) ... ok
Dec 01 06:52:07.355 INFO [stdout] test src/request.rs - request::SearchQuery::set_count (line 137) ... ok
Dec 01 06:52:08.277 INFO [stdout] test src/request.rs - request::SearchQuery::set_authors (line 253) ... ok
Dec 01 06:52:16.444 INFO [stdout] test src/request.rs - request::SearchQuery::set_title_only (line 308) ... ok
Dec 01 06:52:16.537 INFO [stdout] test src/request.rs - request::SearchQuery::set_words (line 161) ... ok
Dec 01 06:52:16.537 INFO [stdout] 
Dec 01 06:52:16.538 INFO [stdout] failures:
Dec 01 06:52:16.538 INFO [stdout] 
Dec 01 06:52:16.538 INFO [stdout] ---- src/request.rs - request::SearchQuery::append_words (line 182) stdout ----
Dec 01 06:52:16.539 INFO [stdout] error: linking with `cc` failed: exit code: 1
Dec 01 06:52:16.539 INFO [stdout]   |
Dec 01 06:52:16.539 INFO [stdout]   = note: "cc" "-Wl,--as-needed" "-Wl,-z,noexecstack" "-m64" "-L" "/rustup-home/toolchains/8940af3cea4a9a9deabcaf843b2f8cad9a83fc61-alt/lib/rustlib/x86_64-unknown-linux-gnu/lib" "/tmp/rustdoctestxgqCx5/rust_out.rust_out.7rcbfp3g-cgu.0.rcgu.o" "/tmp/rustdoctestxgqCx5/rust_out.rust_out.7rcbfp3g-cgu.1.rcgu.o" "/tmp/rustdoctestxgqCx5/rust_out.rust_out.7rcbfp3g-cgu.10.rcgu.o" "/tmp/rustdoctestxgqCx5/rust_out.rust_out.7rcbfp3g-cgu.2.rcgu.o" "/tmp/rustdoctestxgqCx5/rust_out.rust_out.7rcbfp3g-cgu.3.rcgu.o" "/tmp/rustdoctestxgqCx5/rust_out.rust_out.7rcbfp3g-cgu.4.rcgu.o" "/tmp/rustdoctestxgqCx5/rust_out.rust_out.7rcbfp3g-cgu.5.rcgu.o" "/tmp/rustdoctestxgqCx5/rust_out.rust_out.7rcbfp3g-cgu.6.rcgu.o" "/tmp/rustdoctestxgqCx5/rust_out.rust_out.7rcbfp3g-cgu.7.rcgu.o" "/tmp/rustdoctestxgqCx5/rust_out.rust_out.7rcbfp3g-cgu.8.rcgu.o" "/tmp/rustdoctestxgqCx5/rust_out.rust_out.7rcbfp3g-cgu.9.rcgu.o" "-o" "/tmp/rustdoctestxgqCx5/rust_out" "/tmp/rustdoctestxgqCx5/rust_out.33dyzt1ekirinwy8.rcgu.o" "-Wl,--gc-sections" "-pie" "-Wl,-zrelro" "-Wl,-znow" "-nodefaultlibs" "-L" "/target/debug/deps" "-L" "/target/debug/build/backtrace-sys-e158b2ec48819571/out/.libs" "-L" "/target/debug/deps" "-L" "/rustup-home/toolchains/8940af3cea4a9a9deabcaf843b2f8cad9a83fc61-alt/lib/rustlib/x86_64-unknown-linux-gnu/lib" "-Wl,-Bstatic" "/target/debug/deps/libscholar-486e7fe4a1d50682.rlib" "/target/debug/deps/libselect-cf265436226a4e79.rlib" "/target/debug/deps/libhtml5ever-af62ae835eb8e348.rlib" "/target/debug/deps/libmarkup5ever-c7d013918d17d48f.rlib" "/target/debug/deps/libtendril-2c9e33a96f90774a.rlib" "/target/debug/deps/libutf8-7ee12d32dfaf7a7f.rlib" "/target/debug/deps/libfutf-3d5ee73b7343a4dd.rlib" "/target/debug/deps/libmac-f4b0860510943abc.rlib" "/target/debug/deps/libstring_cache-4dfb3af2ff45974f.rlib" "/target/debug/deps/libstring_cache_shared-aeecb24af600cfb1.rlib" "/target/debug/deps/libprecomputed_hash-dfcd3273641531a4.rlib" "/target/debug/deps/libdebug_unreachable-171e805901fbfc43.rlib" "/target/debug/deps/libunreachable-81847f44eeeab538.rlib" "/target/debug/deps/liblazy_static-f0e3d8526a457932.rlib" "/target/debug/deps/libbit_set-d992fac6b47a47fe.rlib" "/target/debug/deps/libbit_vec-74b5a2a8bb340916.rlib" "/target/debug/deps/libreqwest-aca54128f665fdd3.rlib" "/target/debug/deps/libuuid-338351a7876fbeb5.rlib" "/target/debug/deps/libserde_urlencoded-f869cbaf6f05451e.rlib" "/target/debug/deps/liburl-3fd4a3b50fc3efdc.rlib" "/target/debug/deps/libidna-35d34f8ba6090080.rlib" "/target/debug/deps/libunicode_normalization-31deb834034f225c.rlib" "/target/debug/deps/libunicode_bidi-c149e900c856ec0b.rlib" "/target/debug/deps/libmatches-e55f6391ff55ce78.rlib" "/target/debug/deps/libserde_json-55377cb9f601435c.rlib" "/target/debug/deps/libdtoa-9c67656c704a4a8d.rlib" "/target/debug/deps/libitoa-58e0778db0e65fef.rlib" "/target/debug/deps/libnum_traits-8f9e8b3f569885fd.rlib" "/target/debug/deps/libnum_traits-026e7174f77ffe59.rlib" "/target/debug/deps/libserde-5864627cccb103c1.rlib" "/target/debug/deps/libmime_guess-74c57d5dce0f7e28.rlib" "/target/debug/deps/libphf-b8d02416212224ca.rlib" "/target/debug/deps/libphf_shared-ee4fc352d9976a6d.rlib" "/target/debug/deps/libunicase-bca7eeac24287a50.rlib" "/target/debug/deps/libsiphasher-32d1d0245d79c6bc.rlib" "/target/debug/deps/liblibflate-8ffc0009e11be35e.rlib" "/target/debug/deps/libcrc-a5fdd94f4ae295be.rlib" "/target/debug/deps/libadler32-96ac28d8b7b00cbf.rlib" "/target/debug/deps/libhyper_tls-c7b8120101e2150c.rlib" "/target/debug/deps/libtokio_tls-3a3c417245e211a0.rlib" "/target/debug/deps/libnative_tls-5f6db36086f3d8c5.rlib" "/target/debug/deps/libopenssl-b97cb2218dd51a67.rlib" "/target/debug/deps/libopenssl_sys-16b26bb441cf27cb.rlib" "/target/debug/deps/libforeign_types-87650014dbce1921.rlib" "/target/debug/deps/libforeign_types_shared-2aa46cee8de8caf6.rlib" "/target/debug/deps/libbitflags-a026d9a5ddc590ca.rlib" "/target/debug/deps/libhyper-6c6dcb90c2cce90d.rlib" "/target/debug/deps/libtokio_proto-ce53ec321617a0f3.rlib" "/target/debug/deps/libtokio_service-2a2216693c8a5738.rlib" "/target/debug/deps/libtake-04e31ddba9b9b37e.rlib" "/target/debug/deps/libsmallvec-14a31ad30a151759.rlib" "/target/debug/deps/librand-ba0aaac1d978e647.rlib" "/target/debug/deps/librand-6afe026bd818d2d4.rlib" "/target/debug/deps/libtokio_core-612dd5083640e002.rlib" "/target/debug/deps/libscoped_tls-d11397ca58aa24ad.rlib" "/target/debug/deps/libtokio_io-0d41c6c930418a99.rlib" "/target/debug/deps/libslab-b1da05a40e3dc8b0.rlib" "/target/debug/deps/libmio-6b8c0524d4653ced.rlib" "/target/debug/deps/libslab-6373755dda0f3d5b.rlib" "/target/debug/deps/liblog-2c02228304d8d991.rlib" "/target/debug/deps/libnet2-2f04410e7ea3fae7.rlib" "/target/debug/deps/liblazycell-728e832f752b5ebc.rlib" "/target/debug/deps/libtime-c3123828d11e0383.rlib" "/target/debug/deps/librelay-ccb3ba9549ce009b.rlib" "/target/debug/deps/libpercent_encoding-0b273399d738f84e.rlib" "/target/debug/deps/libmime-d310d2f949c01c79.rlib" "/target/debug/deps/libunicase-5e2fa6e5edcca0bb.rlib" "/target/debug/deps/liblog-9b33884b09bb09d1.rlib" "/target/debug/deps/liblanguage_tags-59a7c4e4d1738c41.rlib" "/target/debug/deps/libhttparse-ee336030f7a11625.rlib" "/target/debug/deps/libfutures_cpupool-8f8d35df99a40359.rlib" "/target/debug/deps/libnum_cpus-a578ab1b999ecff3.rlib" "/target/debug/deps/libbase64-99f2a4683350d670.rlib" "/target/debug/deps/libsafemem-eb70edd8e232bba5.rlib" "/target/debug/deps/libfutures-4ae20216d538235f.rlib" "/target/debug/deps/libencoding_rs-5c61d56eb18110cd.rlib" "/target/debug/deps/libbytes-d371a70f6d1e8e3e.rlib" "/target/debug/deps/libiovec-e9d37cbbed5e15e9.rlib" "/target/debug/deps/libbyteorder-e4fc853e38a15632.rlib" "/target/debug/deps/libregex-75a20e85542bd706.rlib" "/target/debug/deps/libutf8_ranges-686c35e5986de45d.rlib" "/target/debug/deps/libregex_syntax-76e879a3f7769921.rlib" "/target/debug/deps/libthread_local-b74114c6a902a139.rlib" "/target/debug/deps/libunreachable-ce6c6a1e5df14c40.rlib" "/target/debug/deps/libvoid-a7d52d6daeed7e4e.rlib" "/target/debug/deps/libaho_corasick-9372ce731b2c8297.rlib" "/target/debug/deps/libmemchr-8c5d146315b0ef36.rlib" "/target/debug/deps/liblazy_static-469ced4eab90c69e.rlib" "/target/debug/deps/liberror_chain-4a8e57778a72d045.rlib" "/target/debug/deps/libbacktrace-15d1b528b6e99a83.rlib" "/target/debug/deps/libbacktrace_sys-a35b9d254491a9f8.rlib" "/target/debug/deps/librustc_demangle-f66ffa04c1db0219.rlib" "/target/debug/deps/libcfg_if-43e788988af6b56a.rlib" "/target/debug/deps/liblibc-3644e6819e341b8a.rlib" "-Wl,--start-group" "/rustup-home/toolchains/8940af3cea4a9a9deabcaf843b2f8cad9a83fc61-alt/lib/rustlib/x86_64-unknown-linux-gnu/lib/libstd-223739ea87b9a0b5.rlib" "/rustup-home/toolchains/8940af3cea4a9a9deabcaf843b2f8cad9a83fc61-alt/lib/rustlib/x86_64-unknown-linux-gnu/lib/libpanic_unwind-6ae4dfa984b116fe.rlib" "/rustup-home/toolchains/8940af3cea4a9a9deabcaf843b2f8cad9a83fc61-alt/lib/rustlib/x86_64-unknown-linux-gnu/lib/liballoc_jemalloc-d0de55d071ae212c.rlib" "/rustup-home/toolchains/8940af3cea4a9a9deabcaf843b2f8cad9a83fc61-alt/lib/rustlib/x86_64-unknown-linux-gnu/lib/libunwind-56e6e4959fbf1e49.rlib" "/rustup-home/toolchains/8940af3cea4a9a9deabcaf843b2f8cad9a83fc61-alt/lib/rustlib/x86_64-unknown-linux-gnu/lib/liballoc_system-74e77b0ac85c5e20.rlib" "/rustup-home/toolchains/8940af3cea4a9a9deabcaf843b2f8cad9a83fc61-alt/lib/rustlib/x86_64-unknown-linux-gnu/lib/liblibc-2e7d77edf47b6d69.rlib" "/rustup-home/toolchains/8940af3cea4a9a9deabcaf843b2f8cad9a83fc61-alt/lib/rustlib/x86_64-unknown-linux-gnu/lib/liballoc-c763cb552c7cefdf.rlib" "/rustup-home/toolchains/8940af3cea4a9a9deabcaf843b2f8cad9a83fc61-alt/lib/rustlib/x86_64-unknown-linux-gnu/lib/libcore-5bafd13887121bda.rlib" "-Wl,--end-group" "/rustup-home/toolchains/8940af3cea4a9a9deabcaf843b2f8cad9a83fc61-alt/lib/rustlib/x86_64-unknown-linux-gnu/lib/libcompiler_builtins-97868d8b5036fe99.rlib" "-Wl,-Bdynamic" "-lssl" "-lcrypto" "-lutil" "-lutil" "-ldl" "-lrt" "-lpthread" "-lpthread" "-lgcc_s" "-lc" "-lm" "-lrt" "-lpthread" "-lutil" "-lutil"
Dec 01 06:52:16.539 INFO [stdout]   = note: collect2: error: ld returned 1 exit status
Dec 01 06:52:16.539 INFO [stdout]           
Dec 01 06:52:16.539 INFO [stdout] 
Dec 01 06:52:16.539 INFO [stdout] thread 'src/request.rs - request::SearchQuery::append_words (line 182)' panicked at 'couldn't compile the test', librustdoc/test.rs:332:13
Dec 01 06:52:16.539 INFO [stdout] stack backtrace:
Dec 01 06:52:16.539 INFO [stdout]    0:     0x7f1870b4e90f - std::sys::unix::backtrace::tracing::imp::unwind_backtrace::h3a8b83e1922cbdde
Dec 01 06:52:16.539 INFO [stdout]                                at libstd/sys/unix/backtrace/tracing/gcc_s.rs:49
Dec 01 06:52:16.539 INFO [stdout]    1:     0x7f1870b33897 - std::sys_common::backtrace::print::h00d3155a29b4020f
Dec 01 06:52:16.539 INFO [stdout]                                at libstd/sys_common/backtrace.rs:71
Dec 01 06:52:16.539 INFO [stdout]                                at libstd/sys_common/backtrace.rs:59
Dec 01 06:52:16.539 INFO [stdout]    2:     0x7f1870b59cef - std::panicking::default_hook::{{closure}}::hd7465c742e79e1bb
Dec 01 06:52:16.539 INFO [stdout]                                at libstd/panicking.rs:211
Dec 01 06:52:16.539 INFO [stdout]    3:     0x7f1870b599ee - std::panicking::default_hook::h9e3966f2aa2a6e12
Dec 01 06:52:16.539 INFO [stdout]                                at libstd/panicking.rs:221
Dec 01 06:52:16.539 INFO [stdout]    4:     0x7f1872ce4951 - rustc::util::common::panic_hook::h27965632b67fe74e
Dec 01 06:52:16.539 INFO [stdout]    5:     0x7f1870b5a4e6 - std::panicking::rust_panic_with_hook::h587f091ae747d080
Dec 01 06:52:16.539 INFO [stdout]                                at libstd/panicking.rs:480
Dec 01 06:52:16.539 INFO [stdout]    6:     0x561e6a9e5b17 - std::panicking::begin_panic::hcef7ac517f7efe0f
Dec 01 06:52:16.539 INFO [stdout]                                at libstd/panicking.rs:410
Dec 01 06:52:16.539 INFO [stdout]    7:     0x561e6ab79cc7 - <rustdoc::test::Collector as rustdoc::test::Tester>::add_test::{{closure}}::{{closure}}::{{closure}}::h1a7d462b7674a13e
Dec 01 06:52:16.539 INFO [stdout]                                at librustdoc/test.rs:332
Dec 01 06:52:16.539 INFO [stdout]                                at librustdoc/test.rs:596
Dec 01 06:52:16.539 INFO [stdout]    8:     0x561e6ab2f1f8 - <scoped_tls::ScopedKey<T>>::set::h9a299037e2efdd79
Dec 01 06:52:16.539 INFO [stdout]                                at /cargo/registry/src/github.com-1ecc6299db9ec823/scoped-tls-0.1.2/src/lib.rs:155
Dec 01 06:52:16.539 INFO [stdout]                                at libsyntax/lib.rs:106
Dec 01 06:52:16.539 INFO [stdout]                                at /cargo/registry/src/github.com-1ecc6299db9ec823/scoped-tls-0.1.2/src/lib.rs:155
Dec 01 06:52:16.539 INFO [stdout]    9:     0x561e6a933601 - syntax::with_globals::hc9a23e436a64729f
Dec 01 06:52:16.539 INFO [stdout]                                at libsyntax/lib.rs:105
Dec 01 06:52:16.539 INFO [stdout]   10:     0x561e6a9e5dbb - std::panicking::try::do_call::hd95e3a92339aa7c0
Dec 01 06:52:16.539 INFO [stdout]                                at librustdoc/test.rs:593
Dec 01 06:52:16.539 INFO [stdout]                                at libstd/panic.rs:313
Dec 01 06:52:16.539 INFO [stdout]                                at libstd/panicking.rs:310
Dec 01 06:52:16.539 INFO [stdout]   11:     0x7f1870b67cd9 - __rust_maybe_catch_panic
Dec 01 06:52:16.539 INFO [stdout]                                at libpanic_unwind/lib.rs:102
Dec 01 06:52:16.539 INFO [stdout]   12:     0x561e6aa08f49 - rustc_driver::in_named_rustc_thread::h5d5326e5f9843b1f
Dec 01 06:52:16.539 INFO [stdout]                                at libstd/panicking.rs:289
Dec 01 06:52:16.539 INFO [stdout]                                at libstd/panic.rs:392
Dec 01 06:52:16.539 INFO [stdout]                                at librustc_driver/lib.rs:1546
Dec 01 06:52:16.539 INFO [stdout]   13:     0x561e6ab47eb0 - <F as alloc::boxed::FnBox<A>>::call_box::h85b70bbf522f8d35
Dec 01 06:52:16.539 INFO [stdout]                                at librustdoc/test.rs:593
Dec 01 06:52:16.539 INFO [stdout]                                at liballoc/boxed.rs:672
Dec 01 06:52:16.539 INFO [stdout]   14:     0x7f18721c9022 - <F as alloc::boxed::FnBox<A>>::call_box::h37f4bb882553d58c
Dec 01 06:52:16.539 INFO [stdout]                                at libtest/lib.rs:1461
Dec 01 06:52:16.539 INFO [stdout]                                at liballoc/boxed.rs:672
Dec 01 06:52:16.539 INFO [stdout]   15:     0x7f1870b67cd9 - __rust_maybe_catch_panic
Dec 01 06:52:16.539 INFO [stdout]                                at libpanic_unwind/lib.rs:102
Dec 01 06:52:16.539 INFO [stdout]   16:     0x7f18721f1462 - std::sys_common::backtrace::__rust_begin_short_backtrace::hb8f0d0309526c184
Dec 01 06:52:16.539 INFO [stdout]                                at libstd/panicking.rs:289
Dec 01 06:52:16.539 INFO [stdout]                                at libstd/panic.rs:392
Dec 01 06:52:16.539 INFO [stdout]                                at libtest/lib.rs:1423
Dec 01 06:52:16.539 INFO [stdout]                                at libstd/sys_common/backtrace.rs:136
Dec 01 06:52:16.540 INFO [stdout]   17:     0x7f18721f2204 - std::panicking::try::do_call::hc2f7c8b9a348d8db
Dec 01 06:52:16.540 INFO [stdout]                                at libstd/thread/mod.rs:409
Dec 01 06:52:16.540 INFO [stdout]                                at libstd/panic.rs:313
Dec 01 06:52:16.540 INFO [stdout]                                at libstd/panicking.rs:310
Dec 01 06:52:16.540 INFO [stdout]   18:     0x7f1870b67cd9 - __rust_maybe_catch_panic
Dec 01 06:52:16.540 INFO [stdout]                                at libpanic_unwind/lib.rs:102
Dec 01 06:52:16.540 INFO [stdout]   19:     0x7f18721da94c - <F as alloc::boxed::FnBox<A>>::call_box::h6bfded618e480b32
Dec 01 06:52:16.540 INFO [stdout]                                at libstd/panicking.rs:289
Dec 01 06:52:16.540 INFO [stdout]                                at libstd/panic.rs:392
Dec 01 06:52:16.540 INFO [stdout]                                at libstd/thread/mod.rs:408
Dec 01 06:52:16.540 INFO [stdout]                                at liballoc/boxed.rs:672
Dec 01 06:52:16.540 INFO [stdout]   20:     0x7f1870b54c9d - std::sys_common::thread::start_thread::h4c28257d67cdf9cb
Dec 01 06:52:16.540 INFO [stdout]                                at liballoc/boxed.rs:682
Dec 01 06:52:16.540 INFO [stdout]                                at libstd/sys_common/thread.rs:24
Dec 01 06:52:16.540 INFO [stdout]   21:     0x7f1870b2a4d5 - std::sys::unix::thread::Thread::new::thread_start::hfecb2e7eff8fd34f
Dec 01 06:52:16.540 INFO [stdout]                                at libstd/sys/unix/thread.rs:90
Dec 01 06:52:16.540 INFO [stdout]   22:     0x7f18706b66b9 - start_thread
Dec 01 06:52:16.540 INFO [stdout]   23:     0x7f18701d641c - clone
Dec 01 06:52:16.540 INFO [stdout]   24:                0x0 - <unknown>
Dec 01 06:52:16.540 INFO [stdout] query stack during panic:
Dec 01 06:52:16.540 INFO [stdout] end of query stack
Dec 01 06:52:16.540 INFO [stdout] 
Dec 01 06:52:16.540 INFO [stdout] 
Dec 01 06:52:16.540 INFO [stdout] failures:
Dec 01 06:52:16.540 INFO [stdout]     src/request.rs - request::SearchQuery::append_words (line 182)
Dec 01 06:52:16.540 INFO [stdout] 
Dec 01 06:52:16.540 INFO [stdout] test result: FAILED. 9 passed; 1 failed; 0 ignored; 0 measured; 0 filtered out
Dec 01 06:52:16.540 INFO [stdout] 
Dec 01 06:52:16.563 INFO [stderr] error: test failed, to rerun pass '--doc'
Dec 01 06:52:16.565 INFO [stderr] su: No module specific data is present
Dec 01 06:52:17.405 INFO running `"docker" "inspect" "10d638efc46f200093d43a126bf6c61d8ffe233167c202fd56235a8dc73917af"`
Dec 01 06:52:17.681 INFO running `"docker" "rm" "-f" "10d638efc46f200093d43a126bf6c61d8ffe233167c202fd56235a8dc73917af"`
Dec 01 06:52:18.125 INFO [stdout] 10d638efc46f200093d43a126bf6c61d8ffe233167c202fd56235a8dc73917af
